x and r.
1
Let d = 53 + -32. Suppose -26 = 5*w - u - 9, 5*w + d = 3*u. Let o be 3 - (-4 - w - -1). Calculate the highest common factor of o and 1.
1
Suppose c = -d - 0*c + 77, -2*d + c + 151 = 0. Let a = d + -46. What is the highest common factor of a and 15?
15
Suppose -2*x = -x + 4. Let l be 2/(-3)*30/x. What is the greatest common divisor of l and 5?
5
Suppose -20*k + 330 = -17*k. What is the greatest common factor of k and 10?
10
Let j be (-4)/(-5)*25/2. Calculate the highest common divisor of 4 and j.
2
Let p = -105 + 109. Let a(o) = 2*o**2 - o - 1. Suppose 4*j + 3 = j. Let s be a(j). Calculate the highest common factor of s and p.
2
Let v = 14 + -6. Let j be -40*(3/(-6) - 1). Suppose j = 3*o - 108. Calculate the highest common factor of v and o.
8
Let i = -3 - 0. Let c be -3 - (1*45)/i. What is the highest common factor of 18 and c?
6
Let a be (11 + 1)*(-56)/(-21). Calculate the greatest common divisor of 16 and a.
16
Suppose 5*i - 3*i = 60. Suppose 0 = x - 0*x - 5*s + 15, 0 = -2*x - 5*s + i. What is the greatest common factor of 55 and x?
5
Suppose 2 = -5*f - 13. Let a = 5 + f. Suppose 4*i + a*b + 2*b - 124 = 0, -5*i + 157 = 4*b. What is the highest common divisor of i and 11?
11
Let s be (-106)/(-10) + (-4)/(-10). Let p = 7 + -2. Suppose -h - 396 = -p*h. Calculate the greatest common divisor of s and h.
11
Let w be (-8)/(-6) + 22/6. Suppose -5*n + 0*n = -w. What is the greatest common factor of n and 1?
1
Suppose -5*x - 49 = 46. Let w = -14 - x. What is the highest common factor of w and 45?
5
Let j be (5 - (-30)/(-2))*-7. What is the greatest common factor of 175 and j?
35
Let t = -40 + 55. What is the greatest common factor of t and 3?
3
Suppose -v = -u + 4*u - 98, 0 = -5*u - 4*v + 154. Let b = -17 + u. What is the greatest common divisor of 119 and b?
17
Let i = 1 - -5. Suppose 0 = -a - 2*v + i, -3*a - 3*v = v - 18. Suppose -5*n = -67 + 7. Calculate the greatest common divisor of a and n.
6
Suppose -272 = 3*w - 5*w. Let j = -4 + 21. Calculate the greatest common factor of j and w.
17
Let o = -31 - -96. Calculate the highest common divisor of o and 26.
13
Suppose 405 - 9 = 11*n. Calculate the greatest common divisor of 4 and n.
4
Let s = 0 + 324. What is the greatest common factor of 36 and s?
36
Let n be (-1)/3 - (-2)/6. Suppose -2*o + 2*b = -60, -5*o + n*b + 105 = 4*b. Let m = o - -5. Calculate the greatest common divisor of 6 and m.
6
Let a(l) = 18*l**2 + 2*l + 1. Let y be a(2). Let d be (1 + 5)/((-1)/4). Let r = 31 + d. What is the greatest common factor of y and r?
7
Let j = -13 - -19. Let b be j + -1 + 0 + 1. What is the greatest common divisor of b and 6?
6
Let b = -5 + 50. Calculate the greatest common factor of 60 and b.
15
Let d(q) = -8*q - 22. Let a be d(-9). Calculate the highest common divisor of 125 and a.
25
Suppose 10*w - 19*w = -126. Let a = 319 - 165. What is the highest common divisor of a and w?
14
Suppose -1320 = -4*o - 0*o. Calculate the highest common factor of 30 and o.
30
Suppose -2*m + 32 = -5*u, 14 = 3*m - 0*u + u. Suppose -23 - 25 = -8*b. Calculate the greatest common divisor of b and m.
6
Let f(z) = z**2 - 7*z - 5. Let o be f(8). Calculate the greatest common factor of o and 33.
3
Let t(w) = -10*w + 24. Let g be t(-4). What is the greatest common divisor of 4 and g?
4
Let t = 5 - 14. Let p be 1*-1*(t + -29). Let z be (2 - (-122)/(-4))*-2. What is the greatest common divisor of z and p?
19
Suppose 0 = -f + 5, -3*n = -2*n + 4*f - 36. Calculate the greatest common factor of 32 and n.
16
Let h be 2 + (-1)/(-1) + 23. Suppose 0*r + 4*r - 24 = -4*j, -4*r = 3*j - h. What is the highest common factor of 40 and r?
8
Let f = -2 - -5. What is the highest common factor of 24 and f?
3
Let k(r) = 3*r - 5. Let l be k(4). Calculate the greatest common factor of 56 and l.
7
Suppose 0 = -3*c - 2*c + 540. Let n(s) = 2*s**2 + s + 7. Let w be n(-6). Let k = c - w. What is the highest common factor of k and 7?
7
Suppose 3*w - 3*j = 45, 2*w + 5 = w - 4*j. Let g = -1 - -12. Calculate the highest common divisor of g and w.
11
Suppose -5 = x - 15. Calculate the greatest common factor of x and 110.
10
Let x be (180/(-8))/(-5)*12. Calculate the highest common factor of x and 135.
27
Let a(t) = 19*t - 4. Let f be a(7). Let d = 262 - f. Calculate the greatest common divisor of d and 19.
19
Suppose -2*c = 3*j - 53, 3*j + 9 = c + 8*j. Let f be (0 - 1)*-1*c. Let v be -2*(-1)/(4/f). What is the highest common factor of 85 and v?
17
Let f(b) = 7*b**2 - 19*b + 9. Let i(t) = -3*t**2 + 9*t - 5. Let y(n) = -2*f(n) - 5*i(n). Let l be y(8). What is the highest common divisor of l and 135?
15
Let h be 1/(1 + (-15)/12). Let f = 14 - 8. Let m = f + h. Calculate the greatest common divisor of 14 and m.
2
Let t = -12 - -9. Let p be 0/(t - -1) - -6. What is the highest common divisor of 12 and p?
6
Suppose 0 = -4*g - 2*o + 166, 5*g - 4*o = 57 + 131. Calculate the highest common divisor of g and 60.
20
Let y be (-4)/3*90/(-60). What is the greatest common factor of y and 3?
1
Suppose 0 = 3*u + 41 - 191. Suppose 3*a - 8*a = -u. Let g = 320 - 240. What is the greatest common divisor of g and a?
10
Let y = 3 + -1. Let n be (1 - y)/((-3)/12). Suppose 0*h - 3*h + 10 = -5*a, -4*a - 2*h = -14. Calculate the greatest common factor of a and n.
1
Let t be (-2 - 130/(-4))*2. Let w = 241 - t. What is the greatest common factor of w and 20?
20
Let z(j) = j - 3*j - 2 + 6*j. Let x be z(5). What is the greatest common divisor of 9 and x?
9
Let v = -19 + 45. What is the highest common factor of 208 and v?
26
Suppose -2*n + 3*b + 10 = 4*b, n + 1 = b. Suppose 2*s = 5*o - 8, 0 = 2*o - n*s - 2*s + 1. Calculate the greatest common factor of o and 2.
2
Let m be (5/10)/(2/(-68)). Let t = m + 30. Suppose 2*k = 3*k - 39. What is the greatest common factor of k and t?
13
Suppose 5*t + 4*f = 2*t - 6, 3*f - 1 = -5*t. Let v(d) = d**3 - 5*d**2 - d - 8. Let q be v(6). Calculate the highest common divisor of q and t.
2
Let a(v) = 2*v + 7. Let z be a(-3). Calculate the greatest common factor of 9 and z.
1
Let p = -81 - -216. Let v be (-39)/6 + (-2)/(-4). Let b = 21 + v. Calculate the highest common divisor of p and b.
15
Suppose -4*y = -f + 80, 4*f + y - 282 = -47. Suppose 6*s - f = s. What is the highest common divisor of s and 48?
12
Let h = 68 + -47. Calculate the highest common divisor of h and 231.
21
Let q(s) = s**2 + 5*s - 8. Let y(b) = -2*b**2 - 4*b - 1. Let p be y(-3). Let a be q(p). What is the highest common divisor of 6 and a?
6
Suppose d = -6 + 2. Let j be 23/5 + d/(-10). Suppose -3*g - 2*g = -2*x - 12, -j*x + 16 = -g. What is the highest common factor of 12 and g?
4
Let p be (5 + -7)/(4/(-70)). What is the highest common factor of p and 35?
35
Suppose -5*l = 9*l - 70. Suppose 0 = 3*w - 114 + 39. What is the greatest common factor of w and l?
5
Let m(h) = 2*h**2 + 8*h**3 - 3*h**3 + 2*h - 3 - h**2. Let n be m(2). What is the highest common divisor of n and 15?
15
Suppose -2*r - 8 + 2 = -2*o, 52 = 4*o + 4*r. Calculate the highest common factor of o and 32.
8
Let w be -3 - (2 - (-44)/(-2)). Calculate the highest common factor of w and 34.
17
Let v = -19 + 47. Calculate the greatest common divisor of 14 and v.
14
Suppose 3*b = -q + 9, -3*q + 7 = 16. Let u = 102 + -70. Calculate the highest common divisor of b and u.
4
Let o(m) = -10*m - 1 + 8 - 5 - m**2. Let i be o(-5). Calculate the highest common factor of i and 9.
9
Let m be 38/(3 - 1) - 2. What is the highest common divisor of 17 and m?
17
Let p(q) = 2*q + 9. Suppose 0 = -h - h + 4*j + 22, 0 = -5*h - 2*j + 31. Let a be p(h). What is the highest common divisor of 161 and a?
23
Let o = -542 + 782. Let i be 7*(3 - -1) + 2. Calculate the greatest common factor of i and o.
30
Let r(s) = 48*s**2 + 2*s + 1. Let a be r(-1). What is the highest common factor of 47 and a?
47
Let m(c) = 5*c - 17. Let j be m(7). Suppose w - j - 18 = a, -108 = -3*w - 5*a. Suppose 2*x = x + 24. What is the highest common divisor of w and x?
12
Let k be (3 - 6 - -18) + 2. What is the greatest common divisor of k and 136?
17
Suppose -1242 = 3*a - 1266. Let f(j) = -4*j. Let y(w) = -4*w. Let o(h) = -5*f(h) + 6*y(h). Let d be o(-6). Calculate the greatest common divisor of d and a.
8
Let b(k) = 7*k + 6. Let d be b(-4). Let r be (-2)/(-6) + d/(-33). What 